 37
What are the prime factors of 3265?
5, 653
What are the prime factors of 2235?
3, 5, 149
List the prime factors of 29986.
2, 11, 29, 47
What are the prime factors of 140156?
2, 37, 947
List the prime factors of 90663.
3, 47, 643
List the prime factors of 12243.
3, 7, 11, 53
List the prime factors of 34750.
2, 5, 139
What are the prime factors of 29091?
3, 9697
List the prime factors of 8303.
19, 23
What are the prime factors of 60657?
3, 20219
What are the prime factors of 10270?
2, 5, 13, 79
List the prime factors of 44408.
2, 7, 13, 61
What are the prime factors of 2556?
2, 3, 71
List the prime factors of 307.
307
What are the prime factors of 11806?
2, 5903
What are the prime factors of 20180?
2, 5, 1009
What are the prime factors of 14977?
17, 881
What are the prime factors of 26287?
97, 271
What are the prime factors of 36425?
5, 31, 47
What are the prime factors of 50309?
7, 7187
List the prime factors of 2002.
2, 7, 11, 13
List the prime factors of 52893.
3, 653
List the prime factors of 70807.
11, 41, 157
What are the prime factors of 2442?
2, 3, 11, 37
List the prime factors of 6166.
2, 3083
What are the prime factors of 8231?
8231
List the prime factors of 8269.
8269
What are the prime factors of 16576?
2, 7, 37
List the prime factors of 16064.
2, 251
List the prime factors of 1749.
3, 11, 53
What are the prime factors of 3702?
2, 3, 617
What are the prime factors of 5129?
23, 223
What are the prime factors of 15254?
2, 29, 263
What are the prime factors of 132849?
3, 29, 509
List the prime factors of 976.
2, 61
What are the prime factors of 3978?
2, 3, 13, 17
What are the prime factors of 16485?
3, 5, 7, 157
What are the prime factors of 5458?
2, 2729
List the prime factors of 7595.
5, 7, 31
What are the prime factors of 100934?
2, 109, 463
List the prime factors of 1377.
3, 17
What are the prime factors of 67615?
5, 13523
List the prime factors of 401.
401
What are the prime factors of 3979?
23, 173
List the prime factors of 35467.
29, 1223
List the prime factors of 1084.
2, 271
What are the prime factors of 5904?
2, 3, 41
List the prime factors of 62633.
62633
List the prime factors of 9359.
7, 191
List the prime factors of 789.
3, 263
List the prime factors of 36722.
2, 7, 43, 61
List the prime factors of 70957.
70957
List the prime factors of 3359.
3359
List the prime factors of 3315.
3, 5, 13, 17
What are the prime factors of 7676?
2, 19, 101
What are the prime factors of 1725?
3, 5, 23
List the prime factors of 30717.
3, 3413
What are the prime factors of 797?
797
What are the prime factors of 59632?
2, 3727
List the prime factors of 3691.
3691
List the prime factors of 79166.
2, 23, 1721
List the prime factors of 701.
701
List the prime factors of 10257.
3, 13, 263
What are the prime factors of 8477?
7, 173
What are the prime factors of 3362?
2, 41
What are the prime factors of 69905?
5, 11, 31, 41
List the prime factors of 436.
2, 109
List the prime factors of 1085.
5, 7, 31
List the prime factors of 1423.
1423
What are the prime factors of 18948?
2, 3, 1579
List the prime factors of 27184.
2, 1699
What are the prime factors of 60524?
2, 15131
List the prime factors of 67349.
67349
List the prime factors of 3797.
3797
What are the prime factors of 388?
2, 97
List the prime factors of 3871.
7, 79
List the prime factors of 21350.
2, 5, 7, 61
What are the prime factors of 830?
2, 5, 83
What are the prime factors of 210?
2, 3, 5, 7
What are the prime factors of 1457?
31, 47
List the prime factors of 862.
2, 431
List the prime factors of 306.
2, 3, 17
List the prime factors of 3099.
3, 1033
What are the prime factors of 11075?
5, 443
What are the prime factors of 4854?
2, 3, 809
What are the prime factors of 1501?
19, 79
List the prime factors of 15856.
2, 991
List the prime factors of 11802.
2, 3, 7, 281
What are the prime factors of 18145?
5, 19, 191
What are the prime factors of 6508?
2, 1627
What are the prime factors of 2312?
2, 17
What are the prime factors of 1577?
19, 83
List the prime factors of 35.
5, 7
What are the prime factors of 1887?
3, 17, 37
List the prime factors of 2604.
2, 3, 7, 31
List the prime factors of 22730.
2, 5, 2273
List the prime factors of 1230.
2, 3, 5, 41
What are the prime factors of 59058?
2, 3, 17, 193
List the prime factors of 11194.
2, 29, 193
What are the prime factors of 21413?
7, 19, 23
What are the prime factors of 110016?
2, 3, 191
List the prime factors of 12478.
2, 17, 367
What are the prime factors of 1772?
2, 443
List the prime factors of 1315.
5, 263
What are the prime factors of 5596?
2, 1399
What are the prime factors of 163?
163
What are the prime factors of 39345?
3, 5, 43, 61
What are the prime factors of 2152?
2, 269
List the prime factors of 1004.
2, 251
What are the prime factors of 34773?
3, 67, 173
What are the prime factors of 185268?
2, 3, 15439
List the prime factors of 32189.
32189
What are the prime factors of 72?
2, 3
What are the prime factors of 3746?
2, 1873
What are the prime factors of 3759?
3, 7, 179
What are the prime factors of 3161?
29, 109
What are the prime factors of 321?
3, 107
What are the prime factors of 444?
2, 3, 37
What are the prime factors of 18865?
5, 7, 11
What are the prime factors of 3041?
3041
List the prime factors of 4226.
2, 2113
What are the prime factors of 1454?
2, 727
What are the prime factors of 2079?
3, 7, 11
List the prime factors of 4718.
2, 7, 337
List the prime factors of 3975.
3, 5, 53
List the prime factors of 31240.
2, 5, 11, 71
List the prime factors of 20513.
73, 281
List the prime factors of 132016.
2, 37, 223
What are the prime factors of 3500?
2, 5, 7
List the prime factors of 1250.
2, 5
What are the prime factors of 828?
2, 3, 23
What are the prime factors of 12336?
2, 3, 257
List the prime factors of 6685.
5, 7, 191
List the prime factors of 442.
2, 13, 17
List the prime factors of 8294.
2, 11, 13, 29
List the prime factors of 9816.
2, 3, 409
List the prime factors of 10270.
2, 5, 13, 79
List the prime factors of 3002.
2, 19, 79
What are the prime factors of 18305?
5, 7, 523
List the prime factors of 117906.
2, 3, 43, 457
What are the prime factors of 3926?
2, 13, 151
List the prime factors of 17360.
2, 5, 7, 31
What are the prime factors of 29406?
2, 3, 13, 29
What are the prime factors of 442?
2, 13, 17
What are the prime factors of 74278?
2, 37139
List the prime factors of 47174.
2, 103, 229
What are the prime factors of 31555?
5, 6311
List the prime factors of 29289.
3, 13, 751
What are the prime factors of 30619?
67, 457
List the prime factors of 3264.
2, 3, 17
What are the prime factors of 74610?
2, 3, 5, 829
List the prime factors of 17300.
2, 5, 173
List the prime factors of 115594.
2, 29, 1993
What are the prime factors of 28473?
3, 9491
List the prime factors of 28836.
2, 3, 89
What are the prime factors of 4148?
2, 17, 61
What are the prime factors of 4068?
2, 3, 113
What are the prime factors of 1829?
31, 59
List the prime factors of 9776.
2, 13, 47
What are the prime factors of 3143?
7, 449
List the prime factors of 30515.
5, 17, 359
What are the prime factors of 1597?
1597
What are the prime factors of 18715?
5, 19, 197
What are the prime factors of 29685?
3, 5, 1979
List the prime factors of 455.
5, 7, 13
What are the prime factors of 4543?
7, 11, 59
List the prime factors of 214.
2, 107
What are the prime factors of 4814?
2, 29, 83
What are the prime factors of 7184?
2, 449
List the prime factors of 163789.
163789
List the prime factors of 37161.
3, 4129
List the prime factors of 948.
2, 3, 79
List the prime factors of 3084.
2, 3, 257
What are the prime factors of 2803?
2803
What are the prime factors of 3766?
2, 7, 269
What are the prime factors of 57487?
57487
List the prime factors of 16748.
2, 53, 79
List the prime factors of 105894.
2, 3, 37, 53
List the prime factors of 237.
3, 79
What are the prime factors of 2170?
2, 5, 7, 31
List the prime factors of 1151.
1151
List the prime factors of 35448.
2, 3, 7, 211
What are the prime factors of 952?
2, 7, 17
What are the prime factors of 81507?
3, 101, 269
What are the prime factors of 74802?
2, 3, 7, 13, 137
List the prime factors of 5358.
2, 3, 19, 47
List the prime factors of 2083.
2083
List the prime factors of 37560.
2, 3, 5, 313
List the